ber?
True
Is 461343761 a composite number?
True
Is 17647688497 a prime number?
True
Is 61145626819 a prime number?
False
Is 545533673 composite?
False
Is 7688494249 prime?
True
Is 2058088073 composite?
True
Is 57730289 a composite number?
False
Is 41362543 a composite number?
True
Is 6667585027 a prime number?
False
Is 32042266129 prime?
True
Is 257373461 prime?
False
Is 620046233 composite?
False
Is 29008438847 composite?
False
Is 150141163 a composite number?
True
Is 6264573691 prime?
True
Is 17994855631 a composite number?
False
Is 166879243 a composite number?
True
Is 187520623 composite?
False
Is 27994659377 a prime number?
True
Is 2598462847 prime?
True
Is 1420632119 a composite number?
False
Is 8799571321 prime?
True
Is 337586231 a composite number?
False
Is 44213314183 a prime number?
False
Is 3939895181 composite?
True
Is 26501406203 composite?
True
Is 29889911 prime?
False
Is 430304011 composite?
True
Is 291035569 prime?
False
Is 1089966455 composite?
True
Is 1602445479 a prime number?
False
Is 494829623 prime?
False
Is 20915852917 a composite number?
False
Is 53385719407 prime?
False
Is 10632630347 prime?
False
Is 55147208339 composite?
True
Is 7032749 a composite number?
False
Is 9233200909 a composite number?
True
Is 173854817 a composite number?
False
Is 1854065761 a prime number?
False
Is 42404158333 prime?
False
Is 3966585631 a prime number?
False
Is 1138931741 a prime number?
True
Is 5107356521 composite?
False
Is 15244573343 prime?
False
Is 2996820881 composite?
True
Is 27448501211 a composite number?
True
Is 16591435027 prime?
False
Is 20574210299 a prime number?
False
Is 106291433 a prime number?
False
Is 167439823673 a prime number?
True
Is 19797839 composite?
False
Is 509341527635 a composite number?
True
Is 78124493 a prime number?
True
Is 5295745127 composite?
True
Is 226744618 composite?
True
Is 45814872679 composite?
True
Is 66907261829 a composite number?
False
Is 17476601 a composite number?
True
Is 23061419371 a composite number?
False
Is 104203770647 a prime number?
False
Is 23886168947 a prime number?
True
Is 56832866051 prime?
False
Is 23527010387 prime?
True
Is 577025381 prime?
True
Is 1117368269 prime?
True
Is 572893477 prime?
False
Is 34542385843 prime?
False
Is 1325011741 a prime number?
False
Is 2293749169 composite?
True
Is 4740214949 prime?
True
Is 4044260933 composite?
True
Is 94254163 composite?
True
Is 2980688273 a prime number?
True
Is 339481327 prime?
False
Is 3031548361 a prime number?
True
Is 12823343411 composite?
False
Is 1516323901 composite?
True
Is 4221054781 composite?
True
Is 2712053417 prime?
False
Is 39538391387 a prime number?
False
Is 3074719547 a prime number?
True
Is 1054261801 a composite number?
True
Is 72003908813 a prime number?
False
Is 2745050647 a prime number?
False
Is 1631475809 composite?
True
Is 265295873 composite?
True
Is 20437450243 composite?
True
Is 1659169 prime?
True
Is 316172119 a composite number?
False
Is 1118439409 a prime number?
True
Is 201454457 prime?
False
Is 87654805501 a prime number?
False
Is 663346759 a prime number?
False
Is 1162774969 prime?
True
Is 195271411 composite?
False
Is 47288595733 a prime number?
True
Is 164518205939 a prime number?
True
Is 21722686693 a composite number?
False
Is 1832183399 composite?
True
Is 16806958733 prime?
False
Is 11422731185 a composite number?
True
Is 237993067097 prime?
True
Is 3442461853 a composite number?
True
Is 34307170693 prime?
False
Is 418886023 a composite number?
False
Is 79266463 a prime number?
False
Is 572976017 a prime number?
True
Is 20619684541 a prime number?
True
Is 8559336869 prime?
True
Is 31539713395 a prime number?
False
Is 16819208467 a prime number?
False
Is 21629349869 prime?
True
Is 1091039639 a composite number?
False
Is 3410644747 composite?
False
Is 1353062131 a composite number?
True
Is 1032694543 composite?
False
Is 14513812553 composite?
True
Is 39615995333 composite?
True
Is 2122144819 a prime number?
True
Is 134111167963 a prime number?
True
Is 38717707607 prime?
False
Is 3513829499 prime?
True
Is 1334854877 composite?
False
Is 935447129 composite?
False
Is 2087156823 a composite number?
True
Is 570041687 prime?
True
Is 4854019967 composite?
False
Is 7544429 a composite number?
False
Is 809491999 prime?
False
Is 695287457 a composite number?
True
Is 1472356597 prime?
True
Is 24056588797 composite?
False
Is 4999428383 a composite number?
False
Is 20164776733 composite?
False
Is 122476451035 a prime number?
False
Is 16199866843 composite?
True
Is 604775233 prime?
True
Is 128808775829 a composite number?
False
Is 7984591 a composite number?
True
Is 637471453 a composite number?
False
Is 573706607 a prime number?
False
Is 256883155 prime?
False
Is 851905771 prime?
True
Is 130342999417 composite?
False
Is 59260492919 a prime number?
True
Is 7714158661 a prime number?
False
Is 1262345131 composite?
True
Is 495459683 prime?
False
Is 776438981 a prime number?
True
Is 224907211 prime?
False
Is 10577841829 prime?
False
Is 12159170357 composite?
True
Is 27684325358 prime?
False
Is 100098828937 a prime number?
True
Is 7170007807 a prime number?
True
Is 5650503403 a composite number?
True
Is 5735254451 a composite number?
True
Is 6496293494 a prime number?
False
Is 171697300813 composite?
True
Is 961172519 a prime number?
False
Is 9031508309 a prime number?
False
Is 10872208351 composite?
False
Is 31141091 a composite number?
True
Is 860160377 composite?
False
Is 3075098419 a prime number?
False
Is 4546128493 a composite number?
False
Is 371588017 a prime number?
False
Is 13077681059 a composite number?
False
Is 33755391797 prime?
True
Is 227619083 prime?
True
Is 6138935885 a composite number?
True
Is 127931539 composite?
False
Is 15945911441 prime?
True
Is 5034261473 a prime number?
False
Is 26099667599 prime?
True
Is 69641808091 composite?
False
Is 21815645681 a composite number?
False
Is 121418729 a composite number?
False
Is 30691621 a prime number?
True
Is 7018991323 a prime number?
True
Is 47609853841 composite?
True
Is 6385656691 a composite number?
True
Is 14535808585 a prime number?
False
Is 5237162093 prime?
True
Is 89404215053 composite?
False
Is 1118574159 a composite number?
True
Is 64886855531 prime?
False
Is 1670747147 composite?
False
Is 2926169377 a prime number?
True
Is 2994660629 a composite number?
False
Is 1195895735 a composite number?
True
Is 57431642605 composite?
True
Is 24864675733 a prime number?
False
Is 1294161887 composite?
False
Is 794510077 a composite number?
False
Is 493873667 a composite number?
True
Is 15255006791 a composite number?
True
Is 746187419 prime?
True
Is 1088884427 prime?
True
Is 210952058 a prime number?
False
Is 5946820909 a composite number?
False
Is 8227712021 a prime number?
True
Is 12386301857 composite?
True
Is 33793258313 composite?
True
Is 4161176623 a prime number?
False
Is 12418328093 a prime number?
False
Is 226514623 composite?
False
Is 6064184933 a composite number?
False
Is 621864527 a composite number?
False
Is 10030899511 prime?
False
Is 3531371201 a prime number?
False
Is 1573421243 a prime number?
True
Is 124995892409 a prime number?
False
Is 4143711323 a composite number?
False
Is 1726391273 a prime number?
True
Is 25765662749 a prime number?
True
Is 75102632237 a composite number?
True
Is 6054885841 a prime number?
True
Is 6676963837 prime?
True
Is 22762451 composite?
True
Is 42751982311 a composite number?
False
Is 2736807817 a prime number?
False
Is 56444617 a prime number?
False
Is 1037380853 composite?
True
Is 18314277001 composite?
True
Is 2537151467 prime?
False
Is 206221303693 composite?
False
Is 4900332377 composite?
True
Is 9872175847 prime?
True
Is 2750108761 a composite number?
False
Is 107714081 prime?
False
Is 734979061423 a prime number?
True
Is 1312087269 a composite number?
True
Is 1813706369 a composite number?
False
Is 15492472027 a prime number?
True
Is 616807097 a prime number?
True
Is 36107213129 a composite number?
True
Is 33870045797 a composite number?
True
Is 2810576801 composite?
False
Is 281247187 composite?
True
Is 491022042715 a composite number?
True
Is 10025478427 a prime number?
False
Is 19924857101 prime?
True
Is 1035637531 composite?
True
Is 278099213 prime?
False
Is 35865101 a composite nu